{"id":600,"date":"2021-08-23T16:06:51","date_gmt":"2021-08-23T19:06:51","guid":{"rendered":"https:\/\/franciscanas.org\/portal\/brasil\/?page_id=600"},"modified":"2023-03-05T22:28:53","modified_gmt":"2023-03-06T01:28:53","slug":"milagre-da-beatificacao","status":"publish","type":"page","link":"https:\/\/franciscanas.org\/portal\/brasil\/milagre-da-beatificacao\/","title":{"rendered":"Milagre da Beatifica\u00e7\u00e3o"},"content":{"rendered":"<p>[et_pb_section fb_built=&#8221;1&#8243; _builder_version=&#8221;4.16&#8243; _module_preset=&#8221;default&#8221; global_colors_info=&#8221;{}&#8221;][et_pb_row _builder_version=&#8221;4.16&#8243; _module_preset=&#8221;default&#8221; global_colors_info=&#8221;{}&#8221;][et_pb_column type=&#8221;4_4&#8243; _builder_version=&#8221;4.16&#8243; _module_preset=&#8221;default&#8221; global_colors_info=&#8221;{}&#8221;][et_pb_text _builder_version=&#8221;4.16&#8243; _module_preset=&#8221;default&#8221; global_colors_info=&#8221;{}&#8221;]<\/p>\n<h1><strong><b>Milagre da Beatifica\u00e7\u00e3o<\/b><\/strong><\/h1>\n<p>[\/et_pb_text][\/et_pb_column][\/et_pb_row][et_pb_row _builder_version=&#8221;4.16&#8243; _module_preset=&#8221;default&#8221; custom_padding=&#8221;0px|||||&#8221; global_colors_info=&#8221;{}&#8221;][et_pb_column type=&#8221;4_4&#8243; _builder_version=&#8221;4.16&#8243; _module_preset=&#8221;default&#8221; global_colors_info=&#8221;{}&#8221;][et_pb_text _builder_version=&#8221;4.16&#8243; _module_preset=&#8221;default&#8221; global_colors_info=&#8221;{}&#8221;]<\/p>\n<p style=\"text-align: justify;\">O fato aconteceu na cidade de Barranquilha, Col\u00f4mbia, no dia 02 de setembro de \u00a0de 1967. Refere-se a Liliane Sanchez Rios aos 16 dias de vida. A pequena Liliane \u00e9 a sexta filha de Carlos Sanchez e Gl\u00e1dis Rios de Sanchez, nascida \u00a0a 17 de agosto de 1967. No dia seguinte ao \u00a0nascimento, a crian\u00e7a apresentou uma inflama\u00e7\u00e3o tumoral na parte direita \u00a0do cr\u00e2nio. Essa inflama\u00e7\u00e3o crescia diariamente e revelava um quadro preocupante<\/p>\n<p>[\/et_pb_text][\/et_pb_column][\/et_pb_row][et_pb_row _builder_version=&#8221;4.16&#8243; _module_preset=&#8221;default&#8221; custom_padding=&#8221;0px|||||&#8221; global_colors_info=&#8221;{}&#8221;][et_pb_column type=&#8221;4_4&#8243; _builder_version=&#8221;4.16&#8243; _module_preset=&#8221;default&#8221; global_colors_info=&#8221;{}&#8221;][et_pb_text _builder_version=&#8221;4.16&#8243; _module_preset=&#8221;default&#8221; global_colors_info=&#8221;{}&#8221;]<\/p>\n<p style=\"text-align: justify;\">A fam\u00edlia tardou em buscar ajuda devido \u00e0 falta de recursos. Mas a\u00a0m\u00e3e, inquieta\u00a0com o fato, no dia primeiro de setembro, levou a filhinha a um ambulat\u00f3rio m\u00e9dico.\u00a0A\u00ed trabalhava\u00a0a Irm\u00e3 Filomena Martinez, religiosa da Congrega\u00e7\u00e3o das Irm\u00e3s Franciscanas Mission\u00e1rias de Maria Auxiliadora. A irm\u00e3 ficou impressionada com o volume do tumor, e encaminhou a m\u00e3e ao m\u00e9dico \u00a0Lu\u00eds de La Hoz, que tamb\u00e9m prestava\u00a0servi\u00e7os no local. Este, por sua vez, constatou um tumor avolumado e a aus\u00eancia do osso superior que cobria o cr\u00e2nio. O m\u00e9dico, vendo que o caso era grave, n\u00e3o receitou nenhuma medica\u00e7\u00e3o. Para consolar a m\u00e3e, solicitou uma radiografia do cr\u00e2nio\u00a0que devia ocorrer\u00a0no dia seguinte, mesmo que lhe parecesse in\u00fatil\u00a0\u00a0e o caso sem solu\u00e7\u00e3o.<\/p>\n<p>[\/et_pb_text][\/et_pb_column][\/et_pb_row][et_pb_row _builder_version=&#8221;4.16&#8243; _module_preset=&#8221;default&#8221; custom_padding=&#8221;0px|||||&#8221; global_colors_info=&#8221;{}&#8221;][et_pb_column type=&#8221;4_4&#8243; _builder_version=&#8221;4.16&#8243; _module_preset=&#8221;default&#8221; global_colors_info=&#8221;{}&#8221;][et_pb_text _builder_version=&#8221;4.16&#8243; _module_preset=&#8221;default&#8221; global_colors_info=&#8221;{}&#8221;]<\/p>\n<p style=\"text-align: justify;\">Irm\u00e3 Maria Filomena Martinez, diante da gravidade do caso, encorajou a m\u00e3e de Liliana, confiando uma rel\u00edquia da ent\u00e3o Serva de Deus Madre Maria Bernarda B\u00fctler. Orientou a que colocasse sob a cabecinha da crian\u00e7a. Deu-lhe, tamb\u00e9m, um exemplar da Novena da Serva de Deus, recomendando que iniciasse logo a ora\u00e7\u00e3o. A Irm\u00e3 prometeu comungar com as preocupa\u00e7\u00f5es da fam\u00edlia, rezando a novena nessa inten\u00e7\u00e3o. O m\u00e9dico havia assinalado que a crian\u00e7a poderia sucumbir at\u00e9 o amanhecer.<\/p>\n<p>[\/et_pb_text][\/et_pb_column][\/et_pb_row][et_pb_row _builder_version=&#8221;4.16&#8243; _module_preset=&#8221;default&#8221; custom_padding=&#8221;0px|||||&#8221; global_colors_info=&#8221;{}&#8221;][et_pb_column type=&#8221;4_4&#8243; _builder_version=&#8221;4.16&#8243; _module_preset=&#8221;default&#8221; global_colors_info=&#8221;{}&#8221;][et_pb_text _builder_version=&#8221;4.16&#8243; _module_preset=&#8221;default&#8221; global_colors_info=&#8221;{}&#8221;]<\/p>\n<p>A m\u00e3e, com grand\u00edssima f\u00e9, iniciou a ora\u00e7\u00e3o da novena em favor da crian\u00e7a, recitava-a continuamente, \u00a0at\u00e9 as primeiras horas do dia, quando, pelo cansa\u00e7o adormeceu. O pai, descrente, criticou-a por\u00a0estar ajoelhada rezando a noite inteira. E foi dormir, desligando-se da situa\u00e7\u00e3o da filhinha.<\/p>\n<p>[\/et_pb_text][\/et_pb_column][\/et_pb_row][et_pb_row _builder_version=&#8221;4.16&#8243; _module_preset=&#8221;default&#8221; custom_padding=&#8221;0px|||||&#8221; global_colors_info=&#8221;{}&#8221;][et_pb_column type=&#8221;4_4&#8243; _builder_version=&#8221;4.16&#8243; _module_preset=&#8221;default&#8221; global_colors_info=&#8221;{}&#8221;][et_pb_text _builder_version=&#8221;4.16&#8243; _module_preset=&#8221;default&#8221; global_colors_info=&#8221;{}&#8221;]<\/p>\n<p style=\"text-align: justify;\">Ao despertar, a m\u00e3e\u00a0foi atender a crian\u00e7a, quando percebeu que o tumor\u00a0havia desaparecido. A\u00a0menina mostrava-se saud\u00e1vel. Para surpresa de todos, constatou-se a\u00a0recuperou sua estrutura \u00f3ssea da cabe\u00e7a e\u00a0o desaparecimento do tumor.\u00a0O fato impressionou a fam\u00edlia e logo se espalhou entre os vizinhos.<\/p>\n<p>[\/et_pb_text][\/et_pb_column][\/et_pb_row][et_pb_row _builder_version=&#8221;4.16&#8243; _module_preset=&#8221;default&#8221; custom_padding=&#8221;0px|||||&#8221; global_colors_info=&#8221;{}&#8221;][et_pb_column type=&#8221;4_4&#8243; _builder_version=&#8221;4.16&#8243; _module_preset=&#8221;default&#8221; global_colors_info=&#8221;{}&#8221;][et_pb_text _builder_version=&#8221;4.16&#8243; _module_preset=&#8221;default&#8221; global_colors_info=&#8221;{}&#8221;]<\/p>\n<p style=\"text-align: justify;\">Gl\u00e1dis, a m\u00e3e,\u00a0correu ao \u00a0ambulat\u00f3rio em busca da\u00a0Irm\u00e3 Filomena, a quem relatou o ocorrido. Juntas\u00a0procuraram tamb\u00e9m o m\u00e9dico,\u00a0\u00a0Dr. Lu\u00eds,\u00a0\u00a0que\u00a0ficou impressionado ao ver a crian\u00e7a.\u00a0Foi uma maravilhosa cura realizada pela intercess\u00e3o da Beata Maria Bernarda.<\/p>\n<p>[\/et_pb_text][\/et_pb_column][\/et_pb_row][et_pb_row _builder_version=&#8221;4.16&#8243; _module_preset=&#8221;default&#8221; custom_padding=&#8221;0px|||||&#8221; global_colors_info=&#8221;{}&#8221;][et_pb_column type=&#8221;4_4&#8243; _builder_version=&#8221;4.16&#8243; _module_preset=&#8221;default&#8221; global_colors_info=&#8221;{}&#8221;][et_pb_text _builder_version=&#8221;4.16&#8243; _module_preset=&#8221;default&#8221; global_colors_info=&#8221;{}&#8221;]<\/p>\n<p style=\"text-align: justify;\">O m\u00e9dico examinou minuciosamente a crian\u00e7a e constatou que:<\/p>\n<ul style=\"text-align: justify;\">\n<li>A massa tumoral desapareceu e o osso adquiriu a forma natural.<\/li>\n<li>Afirmou que se tratava de\u00a0um milagre, pois a ci\u00eancia n\u00e3o tinha explica\u00e7\u00e3o nem\u00a0solu\u00e7\u00e3o para o caso.<\/li>\n<\/ul>\n<p style=\"text-align: justify;\">Em 1974,\u00a0dois m\u00e9dicos peritos examinaram detalhadamente\u00a0a crian\u00e7a e n\u00e3o\u00a0encontraram nela nada de anormal no ponto de vista anat\u00f4mico, nem de sa\u00fade.<\/p>\n<p style=\"text-align: justify;\">Este acontecimento foi reconhecido como milagre de Deus por intercess\u00e3o de Madre Maria Bernarda B\u00fctler, e serviu para seu processo de\u00a0\u00a0Beatifica\u00e7\u00e3o.<\/p>\n<p>[\/et_pb_text][\/et_pb_column][\/et_pb_row][et_pb_row _builder_version=&#8221;4.16&#8243; _module_preset=&#8221;default&#8221; custom_padding=&#8221;0px|||||&#8221; global_colors_info=&#8221;{}&#8221;][et_pb_column type=&#8221;4_4&#8243; _builder_version=&#8221;4.16&#8243; _module_preset=&#8221;default&#8221; global_colors_info=&#8221;{}&#8221;][et_pb_text _builder_version=&#8221;4.19.5&#8243; _module_preset=&#8221;default&#8221; hover_enabled=&#8221;0&#8243; global_colors_info=&#8221;{}&#8221; sticky_enabled=&#8221;0&#8243;]<\/p>\n<p><strong>Fonte<\/strong>: Sagrada Congrega\u00e7\u00e3o para Causa dos Santos. <em><i>Relato e Voto<\/i><\/em>, p. 17. Roma, 1974.<\/p>\n<p>[\/et_pb_text][\/et_pb_column][\/et_pb_row][\/et_pb_section]<\/p>\n","protected":false},"excerpt":{"rendered":"<p>Milagre da Beatifica\u00e7\u00e3oO fato aconteceu na cidade de Barranquilha, Col\u00f4mbia, no dia 02 de setembro de \u00a0de 1967. Refere-se a Liliane Sanchez Rios aos 16 dias de vida. A pequena Liliane \u00e9 a sexta filha de Carlos Sanchez e Gl\u00e1dis Rios de Sanchez, nascida \u00a0a 17 de agosto de 1967. No dia seguinte ao \u00a0nascimento, [&hellip;]<\/p>\n","protected":false},"author":1,"featured_media":0,"parent":0,"menu_order":0,"comment_status":"closed","ping_status":"closed","template":"","meta":{"_et_pb_use_builder":"on","_et_pb_old_content":"","_et_gb_content_width":"","footnotes":""},"class_list":["post-600","page","type-page","status-publish","hentry"],"_links":{"self":[{"href":"https:\/\/franciscanas.org\/portal\/brasil\/wp-json\/wp\/v2\/pages\/600","targetHints":{"allow":["GET"]}}],"collection":[{"href":"https:\/\/franciscanas.org\/portal\/brasil\/wp-json\/wp\/v2\/pages"}],"about":[{"href":"https:\/\/franciscanas.org\/portal\/brasil\/wp-json\/wp\/v2\/types\/page"}],"author":[{"embeddable":true,"href":"https:\/\/franciscanas.org\/portal\/brasil\/wp-json\/wp\/v2\/users\/1"}],"replies":[{"embeddable":true,"href":"https:\/\/franciscanas.org\/portal\/brasil\/wp-json\/wp\/v2\/comments?post=600"}],"version-history":[{"count":7,"href":"https:\/\/franciscanas.org\/portal\/brasil\/wp-json\/wp\/v2\/pages\/600\/revisions"}],"predecessor-version":[{"id":2265,"href":"https:\/\/franciscanas.org\/portal\/brasil\/wp-json\/wp\/v2\/pages\/600\/revisions\/2265"}],"wp:attachment":[{"href":"https:\/\/franciscanas.org\/portal\/brasil\/wp-json\/wp\/v2\/media?parent=600"}],"curies":[{"name":"wp","href":"https:\/\/api.w.org\/{rel}","templated":true}]}}