{"id":548,"date":"2021-08-19T14:35:07","date_gmt":"2021-08-19T17:35:07","guid":{"rendered":"https:\/\/franciscanas.org\/portal\/brasil\/?page_id=548"},"modified":"2021-08-19T14:41:21","modified_gmt":"2021-08-19T17:41:21","slug":"etapas","status":"publish","type":"page","link":"https:\/\/franciscanas.org\/portal\/brasil\/etapas\/","title":{"rendered":"Etapas"},"content":{"rendered":"<p>[et_pb_section fb_built=&#8221;1&#8243; _builder_version=&#8221;4.10.1&#8243; _module_preset=&#8221;default&#8221;][et_pb_row _builder_version=&#8221;4.10.1&#8243; _module_preset=&#8221;default&#8221; custom_padding=&#8221;7px|||||&#8221;][et_pb_column _builder_version=&#8221;4.10.1&#8243; _module_preset=&#8221;default&#8221; type=&#8221;4_4&#8243;][et_pb_text _builder_version=&#8221;4.10.1&#8243; _module_preset=&#8221;default&#8221; hover_enabled=&#8221;0&#8243; sticky_enabled=&#8221;0&#8243;]<\/p>\n<h1>Etapas da forma\u00e7\u00e3o inicial<\/h1>\n<p>[\/et_pb_text][\/et_pb_column][\/et_pb_row][et_pb_row _builder_version=&#8221;4.10.1&#8243; _module_preset=&#8221;default&#8221; custom_padding=&#8221;6px|||||&#8221;][et_pb_column _builder_version=&#8221;4.10.1&#8243; _module_preset=&#8221;default&#8221; type=&#8221;4_4&#8243;][et_pb_text _builder_version=&#8221;4.10.1&#8243; _module_preset=&#8221;default&#8221; hover_enabled=&#8221;0&#8243; sticky_enabled=&#8221;0&#8243;]<\/p>\n<h3>Anima\u00e7\u00e3o vocacional<\/h3>\n<p>[\/et_pb_text][\/et_pb_column][\/et_pb_row][et_pb_row _builder_version=&#8221;4.10.1&#8243; _module_preset=&#8221;default&#8221; custom_padding=&#8221;5px|||||&#8221;][et_pb_column _builder_version=&#8221;4.10.1&#8243; _module_preset=&#8221;default&#8221; type=&#8221;4_4&#8243;][et_pb_text _builder_version=&#8221;4.10.1&#8243; _module_preset=&#8221;default&#8221; hover_enabled=&#8221;0&#8243; sticky_enabled=&#8221;0&#8243;]<\/p>\n<p style=\"text-align: justify;\">A anima\u00e7\u00e3o vocacional \u00e9 o servi\u00e7o que se situa dentro da miss\u00e3o evangelizadora da igreja; tem por finalidade despertar e cultivar nas pessoas a disposi\u00e7\u00e3o para a escuta e resposta ao chamado de Deus, para sua op\u00e7\u00e3o vocacional. Acompanha as vocacionadas em suas buscas para que encontre o verdadeiro sentido da sua voca\u00e7\u00e3o, segundo o projeto de deus para sua vida.<\/p>\n<p>[\/et_pb_text][\/et_pb_column][\/et_pb_row][et_pb_row _builder_version=&#8221;4.10.1&#8243; _module_preset=&#8221;default&#8221; custom_padding=&#8221;4px|||||&#8221;][et_pb_column _builder_version=&#8221;4.10.1&#8243; _module_preset=&#8221;default&#8221; type=&#8221;4_4&#8243;][et_pb_text _builder_version=&#8221;4.10.1&#8243; _module_preset=&#8221;default&#8221; hover_enabled=&#8221;0&#8243; sticky_enabled=&#8221;0&#8243;]<\/p>\n<h3>Pr\u00e9-postulantado<\/h3>\n<p>[\/et_pb_text][\/et_pb_column][\/et_pb_row][et_pb_row _builder_version=&#8221;4.10.1&#8243; _module_preset=&#8221;default&#8221; custom_padding=&#8221;5px|||||&#8221;][et_pb_column _builder_version=&#8221;4.10.1&#8243; _module_preset=&#8221;default&#8221; type=&#8221;4_4&#8243;][et_pb_text _builder_version=&#8221;4.10.1&#8243; _module_preset=&#8221;default&#8221; hover_enabled=&#8221;0&#8243; sticky_enabled=&#8221;0&#8243;]<\/p>\n<p style=\"text-align: justify;\">\u00c9 o per\u00edodo no qual a jovem, em ambiente fraterno, de ora\u00e7\u00e3o e miss\u00e3o, continua seu discernimento vocacional, sua forma\u00e7\u00e3o humana-crist\u00e3 escolar, conhece e assume progressivamente a identidade da congrega\u00e7\u00e3o de irm\u00e3s Franciscanas Mission\u00e1rias de Maria Auxiliadora. Nesta fase, a jovem integra-se progressivamente \u00e0 vida e miss\u00e3o da fraternidade e avan\u00e7ar gradualmente no autoconhecimento, na aceita\u00e7\u00e3o de sua realidade pessoal, familiar e adquire maior clareza nas motiva\u00e7\u00f5es vocacionais.<\/p>\n<p>[\/et_pb_text][\/et_pb_column][\/et_pb_row][et_pb_row _builder_version=&#8221;4.10.1&#8243; _module_preset=&#8221;default&#8221; custom_padding=&#8221;7px|||||&#8221;][et_pb_column _builder_version=&#8221;4.10.1&#8243; _module_preset=&#8221;default&#8221; type=&#8221;4_4&#8243;][et_pb_text _builder_version=&#8221;4.10.1&#8243; _module_preset=&#8221;default&#8221; hover_enabled=&#8221;0&#8243; sticky_enabled=&#8221;0&#8243;]<\/p>\n<h3>Postulantado<\/h3>\n<p>[\/et_pb_text][\/et_pb_column][\/et_pb_row][et_pb_row _builder_version=&#8221;4.10.1&#8243; _module_preset=&#8221;default&#8221; custom_padding=&#8221;5px|||||&#8221;][et_pb_column _builder_version=&#8221;4.10.1&#8243; _module_preset=&#8221;default&#8221; type=&#8221;4_4&#8243;][et_pb_text _builder_version=&#8221;4.10.1&#8243; _module_preset=&#8221;default&#8221; hover_enabled=&#8221;0&#8243; sticky_enabled=&#8221;0&#8243;]<\/p>\n<p style=\"text-align: justify;\">\u00c9 per\u00edodo entre seis meses e dois anos, no qual a jovem continua a viv\u00eancia fraterna, cresce em sua forma\u00e7\u00e3o humano-crist\u00e3, discerne suas motiva\u00e7\u00f5es vocacionais, realiza experi\u00eancias mission\u00e1rias, avan\u00e7a no conhecimento da identidade da congrega\u00e7\u00e3o e, ao mesmo tempo, a fraternidade conhece suas atitudes para este estilo de vida. Nesta fase acontece a transi\u00e7\u00e3o gradual da vida secular para a vida consagrada.<\/p>\n<p>[\/et_pb_text][\/et_pb_column][\/et_pb_row][et_pb_row _builder_version=&#8221;4.10.1&#8243; _module_preset=&#8221;default&#8221; custom_padding=&#8221;5px|||||&#8221;][et_pb_column _builder_version=&#8221;4.10.1&#8243; _module_preset=&#8221;default&#8221; type=&#8221;4_4&#8243;][et_pb_text _builder_version=&#8221;4.10.1&#8243; _module_preset=&#8221;default&#8221; hover_enabled=&#8221;0&#8243; sticky_enabled=&#8221;0&#8243;]<\/p>\n<h3>Noviciado Can\u00f4nico<\/h3>\n<p>[\/et_pb_text][\/et_pb_column][\/et_pb_row][et_pb_row _builder_version=&#8221;4.10.1&#8243; _module_preset=&#8221;default&#8221; custom_padding=&#8221;5px|||||&#8221;][et_pb_column _builder_version=&#8221;4.10.1&#8243; _module_preset=&#8221;default&#8221; type=&#8221;4_4&#8243;][et_pb_text _builder_version=&#8221;4.10.1&#8243; _module_preset=&#8221;default&#8221; hover_enabled=&#8221;0&#8243; sticky_enabled=&#8221;0&#8243;]<\/p>\n<p style=\"text-align: justify;\">\u00c9 o tempo no qual a novi\u00e7a conhece e aprofunda o sentido da vida consagrada, faz uma forte experi\u00eancia de Deus e de vida fraterna, clarifica e confirma a autenticidade de sua voca\u00e7\u00e3o, \u00e0 luz do carisma da Congrega\u00e7\u00e3o. Esse \u00e9 um tempo de profunda experi\u00eancia de deus, a fim de fortalecer seu processo de crescimento humano-crist\u00e3o, a viv\u00eancia fraterna e o seguimento de Jesus Cristo, segundo os conselhos Evang\u00e9licos e o carisma.<\/p>\n<p>[\/et_pb_text][\/et_pb_column][\/et_pb_row][et_pb_row _builder_version=&#8221;4.10.1&#8243; _module_preset=&#8221;default&#8221; custom_padding=&#8221;5px|||||&#8221;][et_pb_column _builder_version=&#8221;4.10.1&#8243; _module_preset=&#8221;default&#8221; type=&#8221;4_4&#8243;][et_pb_text _builder_version=&#8221;4.10.1&#8243; _module_preset=&#8221;default&#8221; hover_enabled=&#8221;0&#8243; sticky_enabled=&#8221;0&#8243;]<\/p>\n<h3>Noviciado Apost\u00f3lico<\/h3>\n<p>[\/et_pb_text][\/et_pb_column][\/et_pb_row][et_pb_row _builder_version=&#8221;4.10.1&#8243; _module_preset=&#8221;default&#8221; custom_padding=&#8221;5px|||||&#8221;][et_pb_column _builder_version=&#8221;4.10.1&#8243; _module_preset=&#8221;default&#8221; type=&#8221;4_4&#8243;][et_pb_text _builder_version=&#8221;4.10.1&#8243; _module_preset=&#8221;default&#8221; hover_enabled=&#8221;0&#8243; sticky_enabled=&#8221;0&#8243;]<\/p>\n<p style=\"text-align: justify;\">\u00c9 o tempo no qual a novi\u00e7a se insere em uma fraternidade, para viver o esp\u00edrito e miss\u00e3o da Congrega\u00e7\u00e3o e integrar em sua vida contempla\u00e7\u00e3o e a\u00e7\u00e3o, mediante experi\u00eancias apost\u00f3licas. Neste tempo se d\u00e3o per\u00edodos intensos de prepara\u00e7\u00e3o para a consagra\u00e7\u00e3o a deus, pela profiss\u00e3o religiosa.<\/p>\n<p>[\/et_pb_text][\/et_pb_column][\/et_pb_row][et_pb_row _builder_version=&#8221;4.10.1&#8243; _module_preset=&#8221;default&#8221; custom_padding=&#8221;4px|||||&#8221;][et_pb_column _builder_version=&#8221;4.10.1&#8243; _module_preset=&#8221;default&#8221; type=&#8221;4_4&#8243;][et_pb_text _builder_version=&#8221;4.10.1&#8243; _module_preset=&#8221;default&#8221; hover_enabled=&#8221;0&#8243; sticky_enabled=&#8221;0&#8243;]<\/p>\n<h3>Juniorato<\/h3>\n<p>[\/et_pb_text][\/et_pb_column][\/et_pb_row][et_pb_row _builder_version=&#8221;4.10.1&#8243; _module_preset=&#8221;default&#8221; custom_padding=&#8221;5px|||||&#8221;][et_pb_column _builder_version=&#8221;4.10.1&#8243; _module_preset=&#8221;default&#8221; type=&#8221;4_4&#8243;][et_pb_text _builder_version=&#8221;4.10.1&#8243; _module_preset=&#8221;default&#8221; hover_enabled=&#8221;0&#8243; sticky_enabled=&#8221;0&#8243;]<\/p>\n<p style=\"text-align: justify;\">\u00c9 o tempo no qual a irm\u00e3 de profiss\u00e3o temporal continua seu processo de crescimento integral, amadurece sua op\u00e7\u00e3o radical por jesus e seu reino, confirma sua experi\u00eancia de deus, de vida fraterna e de compromisso mission\u00e1rio e consolida sua voca\u00e7\u00e3o como franciscana mission\u00e1ria de Maria Auxiliadora, optando livremente por este estilo de vida, com a profiss\u00e3o definida.<\/p>\n<p>[\/et_pb_text][\/et_pb_column][\/et_pb_row][et_pb_row _builder_version=&#8221;4.10.1&#8243; _module_preset=&#8221;default&#8221; custom_padding=&#8221;5px|||||&#8221;][et_pb_column _builder_version=&#8221;4.10.1&#8243; _module_preset=&#8221;default&#8221; type=&#8221;4_4&#8243;][et_pb_text _builder_version=&#8221;4.10.1&#8243; _module_preset=&#8221;default&#8221; hover_enabled=&#8221;0&#8243; sticky_enabled=&#8221;0&#8243;]<\/p>\n<h3>Prepara\u00e7\u00e3o para a profiss\u00e3o perp\u00e9tua<\/h3>\n<p>[\/et_pb_text][\/et_pb_column][\/et_pb_row][et_pb_row _builder_version=&#8221;4.10.1&#8243; _module_preset=&#8221;default&#8221; custom_padding=&#8221;5px|||||&#8221;][et_pb_column _builder_version=&#8221;4.10.1&#8243; _module_preset=&#8221;default&#8221; type=&#8221;4_4&#8243;][et_pb_text _builder_version=&#8221;4.10.1&#8243; _module_preset=&#8221;default&#8221; hover_enabled=&#8221;0&#8243; sticky_enabled=&#8221;0&#8243;]<\/p>\n<p style=\"text-align: justify;\">\u00c9 o tempo de prepara\u00e7\u00e3o imediata \u00e0 consagra\u00e7\u00e3o definitiva, no qual a juniorista retoma e confirma sua op\u00e7\u00e3o pelo seguimento radical de jesus cristo pobre, humilde e crucificado e seu compromisso com a espiritualidade e miss\u00e3o da congrega\u00e7\u00e3o.<\/p>\n<p>[\/et_pb_text][\/et_pb_column][\/et_pb_row][\/et_pb_section]<\/p>\n","protected":false},"excerpt":{"rendered":"<p>Etapas da forma\u00e7\u00e3o inicialAnima\u00e7\u00e3o vocacionalA anima\u00e7\u00e3o vocacional \u00e9 o servi\u00e7o que se situa dentro da miss\u00e3o evangelizadora da igreja; tem por finalidade despertar e cultivar nas pessoas a disposi\u00e7\u00e3o para a escuta e resposta ao chamado de Deus, para sua op\u00e7\u00e3o vocacional. Acompanha as vocacionadas em suas buscas para que encontre o verdadeiro sentido da [&hellip;]<\/p>\n","protected":false},"author":1,"featured_media":0,"parent":0,"menu_order":0,"comment_status":"closed","ping_status":"closed","template":"","meta":{"_et_pb_use_builder":"on","_et_pb_old_content":"","_et_gb_content_width":"","footnotes":""},"class_list":["post-548","page","type-page","status-publish","hentry"],"_links":{"self":[{"href":"https:\/\/franciscanas.org\/portal\/brasil\/wp-json\/wp\/v2\/pages\/548","targetHints":{"allow":["GET"]}}],"collection":[{"href":"https:\/\/franciscanas.org\/portal\/brasil\/wp-json\/wp\/v2\/pages"}],"about":[{"href":"https:\/\/franciscanas.org\/portal\/brasil\/wp-json\/wp\/v2\/types\/page"}],"author":[{"embeddable":true,"href":"https:\/\/franciscanas.org\/portal\/brasil\/wp-json\/wp\/v2\/users\/1"}],"replies":[{"embeddable":true,"href":"https:\/\/franciscanas.org\/portal\/brasil\/wp-json\/wp\/v2\/comments?post=548"}],"version-history":[{"count":3,"href":"https:\/\/franciscanas.org\/portal\/brasil\/wp-json\/wp\/v2\/pages\/548\/revisions"}],"predecessor-version":[{"id":553,"href":"https:\/\/franciscanas.org\/portal\/brasil\/wp-json\/wp\/v2\/pages\/548\/revisions\/553"}],"wp:attachment":[{"href":"https:\/\/franciscanas.org\/portal\/brasil\/wp-json\/wp\/v2\/media?parent=548"}],"curies":[{"name":"wp","href":"https:\/\/api.w.org\/{rel}","templated":true}]}}