{"id":535,"date":"2021-08-19T11:53:57","date_gmt":"2021-08-19T14:53:57","guid":{"rendered":"https:\/\/franciscanas.org\/portal\/brasil\/?page_id=535"},"modified":"2021-09-03T11:10:32","modified_gmt":"2021-09-03T14:10:32","slug":"tornar-se-irma","status":"publish","type":"page","link":"https:\/\/franciscanas.org\/portal\/brasil\/tornar-se-irma\/","title":{"rendered":"Para tornar-se irm\u00e3"},"content":{"rendered":"\n[et_pb_section fb_built=&#8221;1&#8243; _builder_version=&#8221;4.10.1&#8243; _module_preset=&#8221;default&#8221; global_colors_info=&#8221;{}&#8221;][et_pb_row _builder_version=&#8221;4.10.1&#8243; _module_preset=&#8221;default&#8221; global_colors_info=&#8221;{}&#8221;][et_pb_column type=&#8221;4_4&#8243; _builder_version=&#8221;4.10.1&#8243; _module_preset=&#8221;default&#8221; global_colors_info=&#8221;{}&#8221;][et_pb_text _builder_version=&#8221;4.10.1&#8243; _module_preset=&#8221;default&#8221; global_colors_info=&#8221;{}&#8221;]<h1>Como tornar-se uma Irm\u00e3?<\/h1>[\/et_pb_text][\/et_pb_column][\/et_pb_row][et_pb_row _builder_version=&#8221;4.10.1&#8243; _module_preset=&#8221;default&#8221; custom_padding=&#8221;2px|||||&#8221; global_colors_info=&#8221;{}&#8221;][et_pb_column type=&#8221;4_4&#8243; _builder_version=&#8221;4.10.1&#8243; _module_preset=&#8221;default&#8221; global_colors_info=&#8221;{}&#8221;][et_pb_text _builder_version=&#8221;4.10.1&#8243; _module_preset=&#8221;default&#8221; global_colors_info=&#8221;{}&#8221;]<p style=\"text-align: justify;\">Deus quer de n\u00f3s a felicidade. Ela est\u00e1 dentro de n\u00f3s e se deixa reconhecer \u00e0 medida que nos colocamos a caminho, descobrindo nossa voca\u00e7\u00e3o e miss\u00e3o, colocando-nos a servi\u00e7o. Toda voca\u00e7\u00e3o \u00e9 um chamado ao servi\u00e7o. \u00c9 o amor que se faz vida pelo exerc\u00edcio de nossas qualidades e potencialidades. E ent\u00e3o:<\/p>[\/et_pb_text][\/et_pb_column][\/et_pb_row][et_pb_row _builder_version=&#8221;4.10.1&#8243; _module_preset=&#8221;default&#8221; custom_padding=&#8221;3px|||||&#8221; global_colors_info=&#8221;{}&#8221;][et_pb_column type=&#8221;4_4&#8243; _builder_version=&#8221;4.10.1&#8243; _module_preset=&#8221;default&#8221; global_colors_info=&#8221;{}&#8221;][et_pb_text _builder_version=&#8221;4.10.1&#8243; _module_preset=&#8221;default&#8221; global_colors_info=&#8221;{}&#8221;]<p>Quais s\u00e3o seus sonhos?<br \/>O que realiza realmente voc\u00ea?<br \/>Quais s\u00e3o os seus dons, seus talentos?<br \/>Que apelos est\u00e3o tocando forte a sua vida?<\/p>[\/et_pb_text][\/et_pb_column][\/et_pb_row][et_pb_row _builder_version=&#8221;4.10.1&#8243; _module_preset=&#8221;default&#8221; custom_padding=&#8221;3px|||||&#8221; global_colors_info=&#8221;{}&#8221;][et_pb_column type=&#8221;4_4&#8243; _builder_version=&#8221;4.10.1&#8243; _module_preset=&#8221;default&#8221; global_colors_info=&#8221;{}&#8221;][et_pb_text _builder_version=&#8221;4.10.1&#8243; _module_preset=&#8221;default&#8221; global_colors_info=&#8221;{}&#8221;]<p style=\"text-align: justify;\">Atrav\u00e9s do servi\u00e7o de anima\u00e7\u00e3o vocacional, as Irm\u00e3s Franciscanas Mission\u00e1rias de Maria Auxiliadora oferecem a voc\u00ea espa\u00e7os de reflex\u00e3o e discernimento vocacional.<\/p>[\/et_pb_text][\/et_pb_column][\/et_pb_row][et_pb_row _builder_version=&#8221;4.10.1&#8243; _module_preset=&#8221;default&#8221; custom_padding=&#8221;0px|||||&#8221; global_colors_info=&#8221;{}&#8221;][et_pb_column type=&#8221;4_4&#8243; _builder_version=&#8221;4.10.1&#8243; _module_preset=&#8221;default&#8221; global_colors_info=&#8221;{}&#8221;][et_pb_text _builder_version=&#8221;4.10.1&#8243; _module_preset=&#8221;default&#8221; global_colors_info=&#8221;{}&#8221;]<p style=\"text-align: justify;\">Conhe\u00e7a mais sobre nossa vida e miss\u00e3o. Navegue por esse site. Ou entre em contato nos endere\u00e7os dispon\u00edveis. Se desejar, voc\u00ea poder\u00e1 receber uma visita, participar de um encontro vocacional ou receber acompanhamento pessoal de uma Irm\u00e3. Voc\u00ea pode, ainda, preencher o formul\u00e1rio de contato dispon\u00edvel nesta p\u00e1gina.<\/p>[\/et_pb_text][\/et_pb_column][\/et_pb_row][\/et_pb_section]\n","protected":false},"excerpt":{"rendered":"<p>Como tornar-se uma Irm\u00e3?Deus quer de n\u00f3s a felicidade. Ela est\u00e1 dentro de n\u00f3s e se deixa reconhecer \u00e0 medida que nos colocamos a caminho, descobrindo nossa voca\u00e7\u00e3o e miss\u00e3o, colocando-nos a servi\u00e7o. Toda voca\u00e7\u00e3o \u00e9 um chamado ao servi\u00e7o. \u00c9 o amor que se faz vida pelo exerc\u00edcio de nossas qualidades e potencialidades. E [&hellip;]<\/p>\n","protected":false},"author":1,"featured_media":0,"parent":0,"menu_order":0,"comment_status":"closed","ping_status":"closed","template":"","meta":{"_et_pb_use_builder":"on","_et_pb_old_content":"","_et_gb_content_width":"","footnotes":""},"class_list":["post-535","page","type-page","status-publish","hentry"],"_links":{"self":[{"href":"https:\/\/franciscanas.org\/portal\/brasil\/wp-json\/wp\/v2\/pages\/535","targetHints":{"allow":["GET"]}}],"collection":[{"href":"https:\/\/franciscanas.org\/portal\/brasil\/wp-json\/wp\/v2\/pages"}],"about":[{"href":"https:\/\/franciscanas.org\/portal\/brasil\/wp-json\/wp\/v2\/types\/page"}],"author":[{"embeddable":true,"href":"https:\/\/franciscanas.org\/portal\/brasil\/wp-json\/wp\/v2\/users\/1"}],"replies":[{"embeddable":true,"href":"https:\/\/franciscanas.org\/portal\/brasil\/wp-json\/wp\/v2\/comments?post=535"}],"version-history":[{"count":4,"href":"https:\/\/franciscanas.org\/portal\/brasil\/wp-json\/wp\/v2\/pages\/535\/revisions"}],"predecessor-version":[{"id":806,"href":"https:\/\/franciscanas.org\/portal\/brasil\/wp-json\/wp\/v2\/pages\/535\/revisions\/806"}],"wp:attachment":[{"href":"https:\/\/franciscanas.org\/portal\/brasil\/wp-json\/wp\/v2\/media?parent=535"}],"curies":[{"name":"wp","href":"https:\/\/api.w.org\/{rel}","templated":true}]}}