{"id":413,"date":"2021-07-19T16:12:15","date_gmt":"2021-07-19T19:12:15","guid":{"rendered":"https:\/\/franciscanas.org\/portal\/brasil\/?page_id=413"},"modified":"2022-08-12T10:03:10","modified_gmt":"2022-08-12T13:03:10","slug":"acao-missionaria","status":"publish","type":"page","link":"https:\/\/franciscanas.org\/portal\/brasil\/acao-missionaria\/","title":{"rendered":"A\u00e7\u00e3o Mission\u00e1ria"},"content":{"rendered":"<p>[et_pb_section fb_built=&#8221;1&#8243; _builder_version=&#8221;4.16&#8243; _module_preset=&#8221;default&#8221; global_colors_info=&#8221;{}&#8221;][et_pb_row _builder_version=&#8221;4.16&#8243; _module_preset=&#8221;default&#8221; custom_padding=&#8221;7px|||||&#8221; global_colors_info=&#8221;{}&#8221;][et_pb_column type=&#8221;4_4&#8243; _builder_version=&#8221;4.16&#8243; _module_preset=&#8221;default&#8221; global_colors_info=&#8221;{}&#8221;][et_pb_text _builder_version=&#8221;4.16&#8243; _module_preset=&#8221;default&#8221; global_colors_info=&#8221;{}&#8221;]<\/p>\n<h1>A\u00e7\u00e3o Mission\u00e1ria<\/h1>\n<p>[\/et_pb_text][\/et_pb_column][\/et_pb_row][et_pb_row column_structure=&#8221;3_5,2_5&#8243; _builder_version=&#8221;4.16&#8243; _module_preset=&#8221;default&#8221; custom_padding=&#8221;3px||4px|||&#8221; global_colors_info=&#8221;{}&#8221;][et_pb_column type=&#8221;3_5&#8243; _builder_version=&#8221;4.16&#8243; _module_preset=&#8221;default&#8221; global_colors_info=&#8221;{}&#8221;][et_pb_text _builder_version=&#8221;4.16&#8243; _module_preset=&#8221;default&#8221; global_colors_info=&#8221;{}&#8221;]<\/p>\n<p>\u201c<em>O primeiro campo de a\u00e7\u00e3o mission\u00e1ria foi Chone, no Equador. A\u00ed as irm\u00e3s responderam \u00e0s necessidades emergentes do contexto. A a\u00e7\u00e3o educativa era urgente e os recursos prec\u00e1rios. Ent\u00e3o, come\u00e7aram modestamente, utilizando o p\u00e1tio como sala de aula. Tamb\u00e9m empregaram esfor\u00e7os na pastoral paroquial, atrav\u00e9s da catequese com crian\u00e7as e adultos, ensinando a Palavra de Deus, acompanhando as celebra\u00e7\u00f5es e administrando o sacramento do batismo. O cuidado aos enfermos, ent\u00e3o, era um imperativo. Eles acorriam ao Convento de Santa Clara em busca de al\u00edvio. Com o que dispunham, as irm\u00e3s os assistiam, cedendo algum c\u00f4modo do convento. Atentas \u00e0 realidade social, ofereciam sua ajuda, praticando as obras de miseric\u00f3rdia<\/em>&#8221; (Esp\u00edrito e Miss\u00e3o n\u00ba 138 a 143).<\/p>\n<p>[\/et_pb_text][\/et_pb_column][et_pb_column type=&#8221;2_5&#8243; _builder_version=&#8221;4.16&#8243; _module_preset=&#8221;default&#8221; global_colors_info=&#8221;{}&#8221;][et_pb_image src=&#8221;https:\/\/franciscanas.org\/portal\/brasil\/wp-content\/uploads\/sites\/5\/2021\/07\/IlustracaoCanoa-1.jpg&#8221; title_text=&#8221;IlustracaoCanoa&#8221; _builder_version=&#8221;4.16&#8243; _module_preset=&#8221;default&#8221; box_shadow_style=&#8221;preset2&#8243; global_colors_info=&#8221;{}&#8221;][\/et_pb_image][\/et_pb_column][\/et_pb_row][et_pb_row _builder_version=&#8221;4.16&#8243; _module_preset=&#8221;default&#8221; custom_padding=&#8221;17px|||||&#8221; global_colors_info=&#8221;{}&#8221;][et_pb_column type=&#8221;4_4&#8243; _builder_version=&#8221;4.16&#8243; _module_preset=&#8221;default&#8221; global_colors_info=&#8221;{}&#8221;][et_pb_text _builder_version=&#8221;4.16&#8243; _module_preset=&#8221;default&#8221; global_colors_info=&#8221;{}&#8221;]<\/p>\n<p>Esse pequeno relato ilustra o in\u00edcio da a\u00e7\u00e3o mission\u00e1ria das Irm\u00e3s Franciscanas Mission\u00e1rias de Maria Auxiliadora. Desde o princ\u00edpio, a Congrega\u00e7\u00e3o atua em iniciativas de acolhida, educa\u00e7\u00e3o, sa\u00fade, assist\u00eancia social e pastoral paroquial. Assim, surgiram col\u00e9gios, hospitais, cl\u00ednicas, projetos e obras sociais e assistenciais, e a Congrega\u00e7\u00e3o pode contribuir ativamente no desenvolvimento social e econ\u00f4mico das comunidades, munic\u00edpios e regi\u00f5es inteiras.<\/p>\n<p>A a\u00e7\u00e3o pastoral sempre foi privilegiada e acontece de acordo com as urg\u00eancias do contexto ou necessidade de uma Igreja Local, atrav\u00e9s de servi\u00e7os, coordena\u00e7\u00f5es, assessorias ou administra\u00e7\u00e3o de par\u00f3quias. A Congrega\u00e7\u00e3o trabalha em parceria com as institui\u00e7\u00f5es da Igreja e da sociedade civil, somando for\u00e7as em iniciativas de promo\u00e7\u00e3o humana e cidad\u00e3, na educa\u00e7\u00e3o publica, na educa\u00e7\u00e3o informal, na sa\u00fade alternativa e preventiva, nas miss\u00f5es ad&#8217;gentes, na defesa do meio ambiente e ecologia. \u00a0\u00a0<\/p>\n<p>Madre Bernarda traduziu o amor \u00e0 Igreja e a dedica\u00e7\u00e3o ao servi\u00e7o do Reino de Deus no exerc\u00edcio das Obras de Miseric\u00f3rdia. Por isso, em aten\u00e7\u00e3o \u00e1s urg\u00eancias de cada per\u00edodo hist\u00f3rico, a miss\u00e3o poder\u00e1 assumir configura\u00e7\u00f5es diferentes, tendo sempre como interesse central a pessoa humana, promo\u00e7\u00e3o da vida, da justi\u00e7a, da paz e do cuidado com a cria\u00e7\u00e3o.<\/p>\n<p>[\/et_pb_text][\/et_pb_column][\/et_pb_row][et_pb_row column_structure=&#8221;1_3,1_3,1_3&#8243; _builder_version=&#8221;4.16&#8243; _module_preset=&#8221;default&#8221; global_colors_info=&#8221;{}&#8221;][et_pb_column type=&#8221;1_3&#8243; _builder_version=&#8221;4.16&#8243; _module_preset=&#8221;default&#8221; global_colors_info=&#8221;{}&#8221;][et_pb_image src=&#8221;https:\/\/franciscanas.org\/portal\/brasil\/wp-content\/uploads\/sites\/5\/2021\/07\/coracao.png&#8221; title_text=&#8221;cora\u00e7\u00e3o&#8221; _builder_version=&#8221;4.16&#8243; _module_preset=&#8221;default&#8221; custom_padding=&#8221;85px|||||&#8221; global_colors_info=&#8221;{}&#8221;][\/et_pb_image][\/et_pb_column][et_pb_column type=&#8221;1_3&#8243; _builder_version=&#8221;4.16&#8243; _module_preset=&#8221;default&#8221; global_colors_info=&#8221;{}&#8221;][et_pb_text _builder_version=&#8221;4.16&#8243; _module_preset=&#8221;default&#8221; global_colors_info=&#8221;{}&#8221;]<\/p>\n<p><strong>Obras de miseric\u00f3rdia corporais<\/strong><\/p>\n<p>1. Dar de comer a que tem fome.<\/p>\n<p>2. Dar de beber a quem tem sede.<\/p>\n<p>3. Dar pousada aos peregrinos.<\/p>\n<p>4. Vestir os nus.<\/p>\n<p>5. Visitar os enfermos.<\/p>\n<p>6. Visitar os presos.<\/p>\n<p>7. Enterrar os mortos.<\/p>\n<p>8. A\u00e7\u00f5es concretas de cuidado com a casa comum.<\/p>\n<p>[\/et_pb_text][\/et_pb_column][et_pb_column type=&#8221;1_3&#8243; _builder_version=&#8221;4.16&#8243; _module_preset=&#8221;default&#8221; global_colors_info=&#8221;{}&#8221;][et_pb_text _builder_version=&#8221;4.16&#8243; _module_preset=&#8221;default&#8221; global_colors_info=&#8221;{}&#8221;]<\/p>\n<p><strong>Obras de miseric\u00f3rdia espirituais<\/strong><\/p>\n<p>1. Ensinar os ignorantes.<\/p>\n<p>2. Dar bom conselho.<\/p>\n<p>3. Corrigir os que erram.<\/p>\n<p>4. Perdoar as inj\u00farias.<\/p>\n<p>5. Consolar os tristes.<\/p>\n<p>6. Sofrer com paci\u00eancia as fraquezas do nosso pr\u00f3ximo.<\/p>\n<p>7. Rezar a Deus por vivos e defuntos.<\/p>\n<p>8. Contemplar a Deus presente na sua cria\u00e7\u00e3o.<\/p>\n<p>[\/et_pb_text][\/et_pb_column][\/et_pb_row][et_pb_row _builder_version=&#8221;4.16&#8243; _module_preset=&#8221;default&#8221; global_colors_info=&#8221;{}&#8221;][et_pb_column type=&#8221;4_4&#8243; _builder_version=&#8221;4.16&#8243; _module_preset=&#8221;default&#8221; global_colors_info=&#8221;{}&#8221;][et_pb_text _builder_version=&#8221;4.17.4&#8243; _module_preset=&#8221;default&#8221; text_font_size=&#8221;16px&#8221; hover_enabled=&#8221;0&#8243; global_colors_info=&#8221;{}&#8221; sticky_enabled=&#8221;0&#8243;]<\/p>\n<p>NOTA: A oitava obra de miseric\u00f3rdia foi proposta pelo Papa Francisco no dia 1\u00ba de setembro de 2016, pela celebra\u00e7\u00e3o do Dia Mundial de Ora\u00e7\u00e3o pelo cuidado da cria\u00e7\u00e3o.<\/p>\n<p>[\/et_pb_text][\/et_pb_column][\/et_pb_row][\/et_pb_section]<\/p>\n","protected":false},"excerpt":{"rendered":"<p>A\u00e7\u00e3o Mission\u00e1ria\u201cO primeiro campo de a\u00e7\u00e3o mission\u00e1ria foi Chone, no Equador. A\u00ed as irm\u00e3s responderam \u00e0s necessidades emergentes do contexto. A a\u00e7\u00e3o educativa era urgente e os recursos prec\u00e1rios. Ent\u00e3o, come\u00e7aram modestamente, utilizando o p\u00e1tio como sala de aula. Tamb\u00e9m empregaram esfor\u00e7os na pastoral paroquial, atrav\u00e9s da catequese com crian\u00e7as e adultos, ensinando a Palavra [&hellip;]<\/p>\n","protected":false},"author":1,"featured_media":0,"parent":0,"menu_order":0,"comment_status":"closed","ping_status":"closed","template":"","meta":{"_et_pb_use_builder":"on","_et_pb_old_content":"","_et_gb_content_width":"","footnotes":""},"class_list":["post-413","page","type-page","status-publish","hentry"],"_links":{"self":[{"href":"https:\/\/franciscanas.org\/portal\/brasil\/wp-json\/wp\/v2\/pages\/413","targetHints":{"allow":["GET"]}}],"collection":[{"href":"https:\/\/franciscanas.org\/portal\/brasil\/wp-json\/wp\/v2\/pages"}],"about":[{"href":"https:\/\/franciscanas.org\/portal\/brasil\/wp-json\/wp\/v2\/types\/page"}],"author":[{"embeddable":true,"href":"https:\/\/franciscanas.org\/portal\/brasil\/wp-json\/wp\/v2\/users\/1"}],"replies":[{"embeddable":true,"href":"https:\/\/franciscanas.org\/portal\/brasil\/wp-json\/wp\/v2\/comments?post=413"}],"version-history":[{"count":19,"href":"https:\/\/franciscanas.org\/portal\/brasil\/wp-json\/wp\/v2\/pages\/413\/revisions"}],"predecessor-version":[{"id":1655,"href":"https:\/\/franciscanas.org\/portal\/brasil\/wp-json\/wp\/v2\/pages\/413\/revisions\/1655"}],"wp:attachment":[{"href":"https:\/\/franciscanas.org\/portal\/brasil\/wp-json\/wp\/v2\/media?parent=413"}],"curies":[{"name":"wp","href":"https:\/\/api.w.org\/{rel}","templated":true}]}}